 1282*z**2 - z**3 - 640*z**2 - 13 - 637*z**2. Determine h(5).
-13
Let p(m) = -m**2 - m - 4. Let y = -17 + 17. What is p(y)?
-4
Let m(d) be the second derivative of d**3/2 - 3*d**2/2 - d. Let b = -47 - -35. Let h be (-87)/(-15) - b/(-15). Calculate m(h).
12
Let m(r) = r**2 - 3. Let q be (-1)/(144/29 - 5). Suppose q = -15*z - 16. Give m(z).
6
Let s be (-3 - -7)/2 + 0. Suppose 4*j + 24 = -3*h - 2, -2*j + 8 = -s*h. Let w(n) = -n**3 - 5*n**2 + 7*n + 6. Determine w(h).
0
Let d(i) = -i**2 - 11*i - 11. Let j be d(-10). Let y be 1/(-4*j/8). Suppose 0*b + 4 = -y*b. Let v(s) = s**2 + 2*s + 1. What is v(b)?
1
Suppose 49 = 7*h + 14. Let a(l) be the first derivative of l**3/3 - 3*l**2/2 - 7*l - 29. Determine a(h).
3
Let q(s) = -2*s**3 - s**2 - 3*s + 3. Let c(o) = -8*o + 44. Let b be c(14). Let n = -66 - b. What is q(n)?
-23
Let j(h) = 3*h**2 + 3*h - 4. Let m = 1288 + -1291. What is j(m)?
14
Let g(j) be the second derivative of j**3/6 - 3*j**2/2 - 71*j. Give g(-3).
-6
Let n be 4/(42/(-9) + 4). Let v be 3/((-19)/(-8) + -2). Let k(d) = -d + 2*d - 2*d - v. Determine k(n).
-2
Suppose 0 = 4*n - 12, -4*k - n + 3*n = -18. Let j(f) = 7*f**2 + 19*f - 5 + f**3 - 7*f - k*f. Let t(u) = -5*u - 1. Let x be t(1). What is j(x)?
-5
Let f(h) = 193*h - 1140. Let g be f(6). Let b(d) = -d**2 + 18*d + 9. Give b(g).
9
Let n(o) = o**2 - 13*o + 20. Let p be n(12). Let v(u) = 2 + p*u - 5*u**2 - 5*u**2 - 11*u**2 + 22*u**2. What is v(-6)?
-10
Let k(o) = 9*o**2 - 2*o - 4*o**2 - 3*o**3 - 5*o**2. Let f(d) = -4*d**3 - d**2 - 2*d. Let w(n) = 4*f(n) - 5*k(n). Give w(-5).
15
Let z(o) = -o**3 - 2*o**2 + 2*o. Let d be z(-3). Suppose -5*m + d*k + 5 = 0, -2*k = 5*m - 5 - 25. Let w(g) = -5 - m - 2*g + 5 + 6. Calculate w(4).
-6
Let y(z) = z - 2. Let i(h) = -5*h + 158. Let v be i(32). What is y(v)?
-4
Let w = -11 - -13. Let b(u) = u**3 - 6*u**2 - 6*u**2 - u + 6 + 19*u**w + 0. Determine b(-7).
13
Let p(r) = -r + 5. Let g = 154 + -151. Determine p(g).
2
Let l(c) = -3*c**3 + 11*c**2 - 25*c - 7. Let s be (4 - -3)*(-6 - -5). Let g(b) = 4*b**3 - 17*b**2 + 37*b + 10. Let y(a) = s*l(a) - 5*g(a). Give y(-9).
8
Let i(u) = -u**3 + 22*u**2 + 3*u - 71. Let g be i(22). Let b(y) = -y**3 - 5*y**2 + y + 4. Calculate b(g).
-1
Suppose 4*o - 6 = 2*l + 8, -3*l + o = -4. Let t(q) = 2*q**l - 6 - 4*q**3 + 3*q**3 + 9 - 4*q**2 - 2*q. Give t(4).
-5
Let v(d) = d**2 - 6*d - 6. Let r be (-635)/(-20) + (-9)/12. Suppose 0 = -5*l - 5*q + 55, -l + 6*l - r = q. What is v(l)?
1
Let r be 1/3 - (-8)/3. Let c(i) be the first derivative of -1 + r*i**2 - 5*i**2 - 5*i + 3*i**2. Determine c(5).
5
Let h(x) = 14*x + 3. Suppose 0 = -29*f + 35*f + 12. Calculate h(f).
-25
Let o(g) = 6*g + 9. Let c be o(-3). Let t(n) be the third derivative of -n**4/24 - 2*n**3 + 4*n**2. Determine t(c).
-3
Let y be 8*(-9 + 10) - 11. Let l(m) = 2*m**3 + 6*m**2 + 5*m + 2. Calculate l(y).
-13
Let j(i) = 4*i**2. Let n(d) = -5*d**2 - d - 1. Let r(b) = 4*j(b) + 3*n(b). Suppose 5*w + 3*z - 25 = 0, 4*w - 2*z + 0 = -2. Let u = 1 + w. Calculate r(u).
-3
Let t(q) be the first derivative of -q**4/4 - q**3/3 + q**2/2 + 4*q - 1. Let a be (4/32*0)/1. What is t(a)?
4
Let m(n) = 2*n**3 + 11*n**2 - 7*n - 2. Let u be m(-6). Let s(d) = -d**2 + 8*d. Let t(l) = -l + 1. Let v(w) = s(w) + 3*t(w). Determine v(u).
7
Suppose 6*u = 19 - 199. Let j = 22 + u. Let h(f) = f + 11. Calculate h(j).
3
Let q(z) = 14*z**2 + 32*z - 14. Let c(f) = -5*f**2 - 11*f + 4. Let i(m) = -11*c(m) - 4*q(m). What is i(-9)?
-6
Let o(z) = -8*z**3 + 2*z**2 + 3*z + 4. Let n(i) = 7*i**3 - i**2 - 2*i - 3. Let r = -9 - -6. Let w(p) = r*o(p) - 4*n(p). What is w(-1)?
3
Let a(p) be the third derivative of 0 - 20*p**2 + 1/60*p**5 + 0*p - 2/3*p**3 - 5/24*p**4. Calculate a(6).
2
Let v(a) = -16 + 7*a + a**3 - 4 + 28 + 7*a**2. Let c(q) = -q**2 + 6*q + 10. Let x be c(8). Give v(x).
2
Let m(w) be the second derivative of -2*w + 0*w**4 + 0*w**3 - 3/5*w**5 + 0 + 0*w**2. Determine m(-1).
12
Let i = 728 + -726. Let q(h) = 2*h**2 - 3*h. Determine q(i).
2
Suppose 287 = -4*j + 5*z, 3*j = j + 3*z - 145. Let v = 71 + j. Let g(m) = -m**3 + m**2 + 4*m - 3. Give g(v).
-9
Let y(t) = t**3 - 7*t**2 + 6*t - 4. Let k(d) = -4 + 2*d**2 - 3*d + 3*d**2 - 4*d**2 + 0*d**2. Let s be k(5). Calculate y(s).
-4
Let a = 6 + -6. Let m be 0 + a + 7 + -6. Let z be 2 + m/((-4)/8). Let c(r) = -r**2 - r + 8. Determine c(z).
8
Let r(l) = 5*l**2 + 6*l - 1. Let k(q) = q**2 + q. Suppose -2*t = 16 - 4. Let z(s) = t*k(s) + r(s). Determine z(0).
-1
Let l(u) = 3*u + 8 + 5*u - 11 - 8*u + 4*u. Give l(-4).
-19
Let d(p) = 10*p + 5. Let s be (6/(-4))/(6/16). What is d(s)?
-35
Suppose 4*j + 4*g = 120, g + 84 = 3*j - 2*g. Let n = j + -27. Let c(z) = 6*z + 2. What is c(n)?
14
Let i(m) be the second derivative of m**5/20 + 7*m**4/12 + 2*m**3 + 9*m**2/2 - 45*m + 2. What is i(-5)?
-1
Let w(h) = -13 - 6*h - 14 + h**2 + 29 - 14. Give w(9).
15
Let p = -200 + 299. Let a = p + -101. Let y(n) = -n**3 - n**2 + 4*n + 3. What is y(a)?
-1
Let t(a) be the second derivative of -5*a**2/2 - 2*a. Let r(v) = -v. Let o(h) = -2*r(h) - t(h). Let b be 3/(-3)*2*2. Calculate o(b).
-3
Let v(i) = 3*i**2 + 5*i + 5. Let y(t) = -t**2 + t. Let n(u) = v(u) + 4*y(u). Let a = -4 - -13. Determine n(a).
5
Let h(a) be the second derivative of -a**4/12 - 4*a**3/3 + 7*a**2/2 + a - 27. Calculate h(-7).
14
Let c(h) be the first derivative of h**3 + h**2/2 + 4. Suppose -6*s = -s + 5*a - 30, 2*a - 10 = -s. Suppose -s*p + 3*l = 4, 8 = -2*p + l + 4*l. What is c(p)?
4
Suppose -3*h + h = 2. Let b(j) = 13*j**2 + j + 2. Let z be b(h). Let f(t) = 10*t**2 - 3*t + z*t**2 - 1 - 25*t**2. Give f(-5).
-11
Let k(q) = -4*q**3 + q**2 + 1. Let l(h) = -5*h**3 + 2*h**2 + h + 2. Let v(t) = -t**2 - 6*t - 5. Let p be v(-2). Let n(z) = p*l(z) - 4*k(z). Calculate n(-2).
-4
Let p(q) = -q**2 + 5*q + 6. Let f be p(6). Let x(a) be the third derivative of 0 + 0*a + 0*a**3 + 1/24*a**4 - 2*a**2. Determine x(f).
0
Let k(z) = -z**2 - z - 1. Let m(n) = -8*n**2 - 8*n - 2. Let j(l) = 23*l**2 + 24*l + 7. Let s(p) = -6*j(p) - 17*m(p). Let y(r) = -6*k(r) + s(r). Determine y(2).
10
Let m(t) = -6*t**2 - 6*t + 3. Let u(f) = -5*f**2 - 3*f + 5. Let b(w) = -4*m(w) + 5*u(w). Determine b(10).
3
Let t(o) = 329 - o**2 + 22*o - 328 + 8*o**2 - o**3 - 3*o. What is t(9)?
10
Let i(y) be the second derivative of -y**5/20 + 7*y**4/12 + y**3/6 - 5*y**2 - 7*y. Let f be i(7). Let r be 0/(f + (-1)/(-1)). Let t(x) = x - 12. Calculate t(r).
-12
Let v be (-8)/(-16)*(14 - 0). Let p be -4*1/v*-7. Let j(z) = -p*z**2 + 1 - 2*z**2 - z**2. Calculate j(-1).
-6
Let p(b) = 3*b - 7. Let t(c) = c**2 - 6*c + 13. Let n be t(11). Suppose 52 = -4*q + n. Give p(q).
5
Let l(c) = -c**2 + 6*c + 33. Let x be l(-4). Let y(d) = d**3 + 8*d**2 + 9*d - 9. Calculate y(x).
-23
Let p(y) = -y**2 + 7*y. Let k be p(6). Let v(q) = -q. Let o(w) = -w - 5. Let l(r) = o(r) - 2*v(r). What is l(k)?
1
Suppose 2 = -j, 4*u + 30 = -0*j + 3*j. Let m(b) = b**3 + 8*b**2 - 10*b - 10. Let f be m(u). Let n(d) be the first derivative of 10*d**3/3 + 3. Give n(f).
10
Let r(i) = i**2 - i + 35. Suppose -5*t + 15 = 2*h, -41*h + 4*t = -40*h + 12. Give r(h).
35
Let m(a) = -2*a + 24. Let t(i) = i**3 + 7*i**2 - 3*i - 41. Let n be t(-6). Calculate m(n).
-2
Let n(a) = 44*a**2 + 2 - 45*a**2 + 2 + 28*a - 65. Give n(25).
14
Let u(q) = 4*q - q**3 + 2 - 3 + 4*q**2 + 1 + 2. Let t be -8 + 9 + (4 + -8)*-1. What is u(t)?
-3
Let u = 436 - 422. Let q(n) = -n**3 + 14*n**2 - n + 15. What is q(u)?
1
Let m(j) = 2*j - 2. Let d(z) = -13*z + 6. Let w(f) = d(f) + 6*m(f). Let h(k) = k**3 + 5*k**2 + k + 5. Let t be h(-5). Suppose -3*g + 0*g = t. What is w(g)?
-6
Let t(j) = -70 - j**3 - 30*j**2 + 11*j + 39*j**2 + 58. Determine t(10).
-2
Suppose -7 = -x - 4. Suppose -67 = 4*v - x. Let r = v - -20. Let s(o) = o**3 - 3*o**2 - 7*o + 5. Determine s(r).
-7
Let r(x) = x - 2. Let y(i) = -i**3 + 9*i**2 + 8*i + 23. Let h be y(10). Suppose -29 = -h*f - 17. Determine r(f).
2
Suppose -2*i - 29 = 15. Let h = -30 - -49. Let t = h + i. Let v(r) = -r**3 - 3*r**2 - 2*r - 4. What is v(t)?
2
Let b = 29 - 24. Let k(v) = 6*v**3 + v**2 - 5*v - 2. Let j(c) = -7*c**3 - c**2 + 6*c + 2. Let x(h) = b*j(h) + 6*k(h). Give x(-2).
-6
Let p(q) = -6*q**3 + 2*q**2 + 4*q - 3. Let n(i) = i**2 + i - 1. Let h(w) = -4*n(w) + p(w). Determine h(1).
-7
Let n(w) be the first derivative of 13*w**2/2 - 44.